{"id":377,"date":"2019-07-09T08:56:43","date_gmt":"2019-07-09T06:56:43","guid":{"rendered":"http:\/\/www.franziskusstiftung-kreuzburg.de\/cms\/?page_id=377"},"modified":"2019-08-18T18:45:45","modified_gmt":"2019-08-18T16:45:45","slug":"stiftungsrat","status":"publish","type":"page","link":"https:\/\/www.franziskus-stiftung-kreuzburg.de\/cms\/stiftungsrat\/","title":{"rendered":"Stiftungsrat"},"content":{"rendered":"<p>Der ehrenamtlich arbeitende Stiftungsrat ist das oberste Organ der Franziskus-Stiftung Kreuzburg und erf\u00fcllt die Aufgabe als Aufsichts-, Beschluss- und Kontrollorgan. Die Stiftungsratsmitglieder sind f\u00fcr die Stiftung verantwortlich und \u00fcberwachen den Stiftungsvorstand bei der Aus\u00fcbung der Beteiligungsrechte an der Franziskanergymnasium Kreuzburg gGmbH.<\/p>\n<p>Die Mitglieder des Stiftungsrats sind:<\/p>\n<ul>\n<li>Br. Markus Fuhrmann ofm<br \/>(Vorsitzender des Stiftungsrates\/Vertreter der Franziskanerprovinz)<\/li>\n<li>Ulrich Hilbert<\/li>\n<li>Volkmar Spielmann<\/li>\n<\/ul>\n","protected":false},"excerpt":{"rendered":"<p>Der ehrenamtlich arbeitende Stiftungsrat ist das oberste Organ der Franziskus-Stiftung Kreuzburg und erf\u00fcllt die Aufgabe als Aufsichts-, Beschluss- und Kontrollorgan. Die Stiftungsratsmitglieder sind f\u00fcr die Stiftung verantwortlich und \u00fcberwachen den Stiftungsvorstand bei der Aus\u00fcbung der Beteiligungsrechte an der Franziskanergymnasium Kreuzburg<\/p>\n","protected":false},"author":1,"featured_media":0,"parent":0,"menu_order":0,"comment_status":"closed","ping_status":"closed","template":"","meta":{"ngg_post_thumbnail":0,"footnotes":""},"class_list":["post-377","page","type-page","status-publish","hentry"],"_links":{"self":[{"href":"https:\/\/www.franziskus-stiftung-kreuzburg.de\/cms\/wp-json\/wp\/v2\/pages\/377","targetHints":{"allow":["GET"]}}],"collection":[{"href":"https:\/\/www.franziskus-stiftung-kreuzburg.de\/cms\/wp-json\/wp\/v2\/pages"}],"about":[{"href":"https:\/\/www.franziskus-stiftung-kreuzburg.de\/cms\/wp-json\/wp\/v2\/types\/page"}],"author":[{"embeddable":true,"href":"https:\/\/www.franziskus-stiftung-kreuzburg.de\/cms\/wp-json\/wp\/v2\/users\/1"}],"replies":[{"embeddable":true,"href":"https:\/\/www.franziskus-stiftung-kreuzburg.de\/cms\/wp-json\/wp\/v2\/comments?post=377"}],"version-history":[{"count":4,"href":"https:\/\/www.franziskus-stiftung-kreuzburg.de\/cms\/wp-json\/wp\/v2\/pages\/377\/revisions"}],"predecessor-version":[{"id":469,"href":"https:\/\/www.franziskus-stiftung-kreuzburg.de\/cms\/wp-json\/wp\/v2\/pages\/377\/revisions\/469"}],"wp:attachment":[{"href":"https:\/\/www.franziskus-stiftung-kreuzburg.de\/cms\/wp-json\/wp\/v2\/media?parent=377"}],"curies":[{"name":"wp","href":"https:\/\/api.w.org\/{rel}","templated":true}]}}